r(h) = -h + 11. Let q(y) = -y + 6. Suppose 0 = j + 4*j - 30. Let b be q(j). What are the prime factors of r(b)?
11
Let b(k) = 3*k**2. Let g be b(7). Suppose -4*j = 47 - g. List the prime factors of j.
5
Suppose -6*t - 12 = -8*t. Let n(x) = 2*x - 1. Let a be n(4). Let c = a + t. What are the prime factors of c?
13
Let p = -3 + -7. List the prime factors of 4/p - 22/(-5).
2
Let i(z) = z**3 - 4*z**2 - z + 5. Let f be i(5). Suppose -3*v - 5*k + 2*k = -33, 5*k = 3*v - f. Let t = 3 + v. List the prime factors of t.
13
Let r be ((-1)/2)/(7/42). Let x(q) = 4*q**2 + 4*q + 1. What are the prime factors of x(r)?
5
Suppose 1303 = 12*f + 103. What are the prime factors of f?
2, 5
Let f(o) = -o**2 - 29*o + 64. List the prime factors of f(-26).
2, 71
Let n(w) = w**3 + 8*w**2 + 2*w + 14. List the prime factors of n(-6).
2, 37
Suppose 4*a - 85 = 23. What are the prime factors of a?
3
Suppose -24*f = -18*f - 252. List the prime factors of f.
2, 3, 7
Let l be (-16)/10 - 3/(-5). Let d = -20 - -12. Let c = l - d. List the prime factors of c.
7
Let q = -33 - -63. List the prime factors of q.
2, 3, 5
Let c = -13 - -25. Suppose -c = k + k. Let f(i) = i**3 + 7*i**2 + 6*i + 9. What are the prime factors of f(k)?
3
Let x = 93 + -51. What are the prime factors of x?
2, 3, 7
Let y(b) = -9*b - 2. Let p be y(-1). Let s = p + -4. What are the prime factors of s?
3
Suppose -2*r + 205 = -g - 58, 0 = 2*g + 10. What are the prime factors of r?
3, 43
Let g(s) = -s**3 - 3*s**2 + 16*s + 15. List the prime factors of g(-6).
3
Let a(k) = k**2 + 3*k - 2. Let r be a(-3). What are the prime factors of 4/1 + r + 1?
3
Suppose 6*c - 3*c - 184 = -2*t, -73 = -c - 3*t. What are the prime factors of c?
2, 29
What are the prime factors of 1/(3 - (-290)/(-97))?
97
Let g = 0 + 10. Suppose -2*h = -40 + g. Suppose -2*i + 14 = 2*t, 0 = 5*i - 3*i + t - h. List the prime factors of i.
2
Suppose -5*v - 3 = -t - 21, -3*v = -5*t - 2. Suppose -2*k - 2*d + 23 = d, 4*k = -t*d + 26. List the prime factors of 18*(-1)/k*-2.
3
Suppose 2*a + c + 0*c = 66, -3*c = -a + 47. What are the prime factors of (28/a)/((-1)/(-30))?
2, 3
Let v be 23/(-3) + 2/3. Let o = -3 - v. Suppose a = -o*i - a + 10, 45 = 5*i - 4*a. What are the prime factors of i?
5
Suppose 2*x - 4*x = -2*b + 64, -2*x = -5*b + 145. List the prime factors of b.
3
Let k = -7 + 7. Suppose k*x - 36 = -2*x. What are the prime factors of x?
2, 3
Let o(y) = -y**3 + 10*y**2 + 5*y - 14. List the prime factors of o(10).
2, 3
Let f be 10 - 9 - (-3 - -1). Suppose -t + 20 = f*t - 3*d, 0 = d. List the prime factors of t.
5
Let j be -1*11 - 2/2. Suppose -4*a - 2*w - 2*w = 92, a + 19 = w. Let f = j - a. What are the prime factors of f?
3
Let m be (20/6)/(-5)*-3. Suppose -4*x - 30 = -m*z, 0 = -2*z + 4*x - 9*x - 15. Suppose z*j + 53 = 3*v, 3*v = 4*v - j - 17. What are the prime factors of v?
2
Let l(w) = w**2 - 8*w + 10. Let t = 3 + -3. Suppose 4*k = -t*k + 32. List the prime factors of l(k).
2, 5
Let g(c) = -10 + 7*c + 2*c**3 + 4*c + 9*c**2 - 5*c - c**3. What are the prime factors of g(-8)?
2, 3
Suppose 0 + 10 = 5*w. List the prime factors of w.
2
Let o be 1 - 2*3/(-6). Suppose 3*l + 5*m = -38, -l - o*l - 34 = 4*m. Let v = -4 - l. What are the prime factors of v?
2
List the prime factors of (292/3 + 2)/(2/3).
149
Suppose 86 + 384 = 10*i. List the prime factors of i.
47
Suppose -3*s = 6 + 9. Let p(q) = -q**3 - 3*q**2 + 4*q - 5. List the prime factors of p(s).
5
Suppose -3*h = 4*f + 20 + 9, -2*h + 4*f = 6. Let o = 19 - h. What are the prime factors of o?
2, 13
Suppose 4*w = z + 2*w + 10, 4*z = -2*w. Let o be z/6 + (-32)/3. Let p = -4 - o. What are the prime factors of p?
7
Let o(l) be the third derivative of -l**7/5040 + l**6/180 + l**5/60 - l**2. Let p(k) be the third derivative of o(k). What are the prime factors of p(0)?
2
What are the prime factors of ((-38)/(-4))/((-14)/(-84))?
3, 19
Suppose 20*r + 200 = 24*r. What are the prime factors of r?
2, 5
Suppose -4*s + 133 = 3*f, 0 = -3*f + s - 2*s + 130. What are the prime factors of f?
43
What are the prime factors of (63/4)/(1 + (-9)/12)?
3, 7
Suppose -5*a + 20 = 4*p, -2*p + p = a - 5. Suppose 0 = p*b - 9*b - 40. Let r = b - -14. List the prime factors of r.
2
Let k be ((-2)/6)/((-2)/6). Let a be (3 - 3)*(0 + k). Let l(b) = -b + 3. What are the prime factors of l(a)?
3
Suppose 0 = -k + 19 + 8. List the prime factors of k.
3
Let c be (-8)/(-6)*3/(-2). List the prime factors of (1 + c - -9) + 0.
2
Let l(h) = 3*h - 9. Let k be l(10). Suppose 5*u + k = -4. List the prime factors of ((-27)/u - 3)*5.
2, 3
List the prime factors of (-290)/(-5)*(-1)/(-2).
29
Let d be 324/8 + 2/4. Let t = d + -29. List the prime factors of t.
2, 3
Let j(q) = -2*q + 28. What are the prime factors of j(13)?
2
Let r = 14 + -10. Suppose -46 = -5*q + r. Suppose 4*f + q = 3*l - f, -f + 4 = 0. What are the prime factors of l?
2, 5
What are the prime factors of 387/2 - 11/22?
193
Let a = 6 + -6. Suppose a*g = -5*h - g + 54, 2*h - 5*g - 27 = 0. List the prime factors of h.
11
Suppose 0 = -4*n - x + 1140, 4*n - 5*x = -0*x + 1116. What are the prime factors of n?
2, 71
Let z(h) be the first derivative of h**4/12 + h**3/3 - 3*h**2/2 - 4. Let v(w) be the second derivative of z(w). What are the prime factors of v(2)?
2, 3
Let q(j) be the second derivative of -7*j**3/2 + j**2/2 - 4*j. What are the prime factors of q(-2)?
43
Let g(q) = 12*q + 32. List the prime factors of g(10).
2, 19
Let j(b) = b. Let z be j(4). Let l be 4*(-3 - (-14)/z). List the prime factors of (4/3)/(l/27).
2, 3
Let l = 8 - 6. Let y = 2 - l. Suppose 0 = k - y*k - 7. What are the prime factors of k?
7
Let y(g) = -g**3 - 3*g**2 - 3. What are the prime factors of y(-4)?
13
Let w be 6 + -1 + 1 + -2. Suppose 2*l = k - 3*l - 9, -w*l - 10 = -k. What are the prime factors of k?
2, 7
List the prime factors of (12/(-10))/(1/(-45)).
2, 3
Suppose -5*r - 147 = -2*r. Let h = 82 + r. What are the prime factors of h?
3, 11
Suppose -4*c + 3*t = -8, 2*c + 2*c = 5*t. Suppose 36 = -0*y + 4*y. Let s = y - c. What are the prime factors of s?
2
Let i(g) = 3*g - 4. Let y(l) = l + 1. Let q(n) = -i(n) + y(n). Suppose -120*m + 119*m - 6 = 0. What are the prime factors of q(m)?
17
Let q(z) = 22*z - 28. List the prime factors of q(7).
2, 3, 7
Suppose -4*p = v - 4, 2*v + 5*p + 2 - 10 = 0. Suppose 0 = 5*n - 5*x + 25, 0 = n - x - v*x + 13. Let y = 2 - n. List the prime factors of y.
5
Suppose 130 + 62 = w. List the prime factors of w.
2, 3
Let l(i) = -i**2 + i + 5. Let n = 4 - 4. Let z be l(n). List the prime factors of ((-2)/z)/(1/(-30)).
2, 3
Suppose -21 - 15 = -3*m. What are the prime factors of m?
2, 3
Suppose 141*h - 186 = 138*h. What are the prime factors of h?
2, 31
What are the prime factors of (-9)/36 - (-495)/12?
41
Let d be (-10)/(-15) + 6/(-9). Let g = d + 14. What are the prime factors of g?
2, 7
Suppose 2*c = -2*c. Suppose -2*j + 9 + 1 = c. Suppose j*r - r - 75 = b, -b + 1 = 0. What are the prime factors of r?
19
Let p be 63 + -1 - 9/3. Suppose 21 = 4*a - p. What are the prime factors of (4/5)/(4/a)?
2
Suppose -3*x = 2*y + 23, x + 2*y + 5 + 8 = 0. Let q(j) = 2*j + 5. Let u be q(x). Let c(n) = -n**3 - 4*n**2 + 3*n - 5. What are the prime factors of c(u)?
5
Suppose 4*b + b = 160. List the prime factors of b/(-10)*45/(-6).
2, 3
Let w be (2/(-6))/((-3)/(-63)). Let a = 20 + w. List the prime factors of a.
13
Let x = -12 + 13. What are the prime factors of x/3 - (-855)/27?
2
Let b(r) = -4*r - 5. List the prime factors of b(-8).
3
Suppose -6 = 3*t - 9. Let w be 110*(9/6 - t). Suppose 0 = 2*l + 2*u - 30, -5*l + w = -0*l - 5*u. List the prime factors of l.
13
Let c(m) = -3*m - 18. List the prime factors of c(-12).
2, 3
Suppose 3*s + s = 4, -m + 105 = -s. List the prime factors of m.
2, 53
Suppose 4*r + 11 - 47 = 0. List the prime factors of r.
3
Suppose q + 3*u = 276, u + 276 = q - 3*u. List the prime factors of q.
2, 3, 23
Suppose 9*t + 227 = 929. List the prime factors of t.
2, 3, 13
Let z = 4 - 2. Suppose -3*w = 5*u - 343 + 118, z*w = 4*u - 180. Suppose -3*b = -0*b - u. List the prime factors of b.
3, 5
Let u be 1/(-1 - 6/(-4)). Let o be (-8)/(-6)*(-3)/u. What are the prime factors of o - ((0 - 5) + 1)?
2
Suppose 0 = -5*l + l. Let y(z) = 2*z**3 - 3*z**2 - 2*z + 3. Let p be y(3). Suppose l*r + 2*r = p. What ar